{"id":23699,"date":"2023-01-11T14:53:37","date_gmt":"2025-03-05T11:17:06","guid":{"rendered":"https:\/\/www.estilguru.com\/producto\/w-s-kit-terraza-plus\/"},"modified":"2025-03-05T11:17:06","modified_gmt":"2025-03-05T11:17:06","slug":"w-s-kit-terraza-plus","status":"publish","type":"product","link":"https:\/\/www.estilguru.com\/pt-pt\/producto\/w-s-kit-terraza-plus\/","title":{"rendered":"Kit W-S Terrace Plus"},"content":{"rendered":"<p>O W-S Kit Terraza Plus \u00e9 fabricado com materiais que excedem todos os padr\u00f5es de qualidade europeus, tornando-o resistente \u00e0 corros\u00e3o, \u00e0s intemp\u00e9ries e \u00e0s mudan\u00e7as de temperatura. Um exemplo claro disso \u00e9 a sua grelha, fabricada em a\u00e7o AISI 304. <\/p>\n<p>Al\u00e9m disso, cada uma das suas pe\u00e7as cumpre os mais elevados requisitos de qualidade e \u00e9 garantida pelas normas europeias. A efic\u00e1cia em termos de drenagem e a facilidade de instala\u00e7\u00e3o em terra\u00e7os e varandas s\u00e3o alguns dos seus melhores argumentos. Outro dos seus pontos fortes \u00e9 a sua versatilidade, uma vez que pode ser escolhida com uma sa\u00edda vertical ou horizontal, dependendo do local onde a sa\u00edda encontra o solo.  <\/p>\n<p>Este ralo de terra\u00e7o \u00e9 perfeitamente compat\u00edvel com a pel\u00edcula Water-Stop, garantindo a impermeabiliza\u00e7\u00e3o de qualquer terra\u00e7o, varanda ou telhado.<\/p>\n<p><strong>Conte\u00fado do Kit<\/strong><\/p>\n<ul class=\"font_8\">\n<li>\n<p class=\"font_8\">Grelha AISI 304<\/p>\n<\/li>\n<li>\n<p class=\"font_8\">Filtro de depila\u00e7\u00e3o<\/p>\n<\/li>\n<li>\n<p class=\"font_8\">Colarinho \/ Copo<\/p>\n<\/li>\n<li>\n<p class=\"font_8\">An\u00e9is de veda\u00e7\u00e3o<\/p>\n<\/li>\n<li>\n<p class=\"font_8\">Sif\u00e3o hidr\u00e1ulico e sif\u00e3o mec\u00e2nico<\/p>\n<\/li>\n<li>\n<p class=\"font_8\">Calcador<\/p>\n<\/li>\n<li>\n<p class=\"font_8\">Tampa de instala\u00e7\u00e3o<\/p>\n<\/li>\n<li>\n<p class=\"font_8\">Corpo do reservat\u00f3rio (op\u00e7\u00e3o de sa\u00edda vertical ou horizontal)<\/p>\n<\/li>\n<li>\n<p class=\"font_8\">Casquilho de liga\u00e7\u00e3o 50 (apenas para sa\u00edda horizontal)<\/p>\n<\/li>\n<\/ul>\n","protected":false},"excerpt":{"rendered":"<p>O W-S Kit Terrace Plus \u00e9 fabricado com materiais resistentes \u00e0 corros\u00e3o, \u00e0s intemp\u00e9ries e \u00e0s mudan\u00e7as de temperatura. Al\u00e9m disso, cada uma das suas pe\u00e7as cumpre os mais elevados requisitos de qualidade e \u00e9 garantida pelas normas europeias. <\/p>\n","protected":false},"featured_media":31719,"template":"","meta":{"site-sidebar-layout":"default","site-content-layout":"default","ast-main-header-display":"","ast-hfb-above-header-display":"","ast-hfb-below-header-display":"","ast-hfb-mobile-header-display":"","site-post-title":"","ast-breadcrumbs-content":"","ast-featured-img":"","footer-sml-layout":"","theme-transparent-header-meta":"default","adv-header-id-meta":"","stick-header-meta":"","header-above-stick-meta":"","header-main-stick-meta":"","header-below-stick-meta":""},"product_brand":[],"product_cat":[108,275],"product_tag":[],"class_list":{"0":"post-23699","1":"product","2":"type-product","3":"status-publish","4":"has-post-thumbnail","6":"product_cat-sistemas-de-impermeabilizacao","7":"product_cat-drenos-de-terraco","9":"first","10":"instock","11":"shipping-taxable","12":"product-type-simple"},"yoast_head":"<!-- This site is optimized with the Yoast SEO plugin v27.1.1 - https:\/\/yoast.com\/product\/yoast-seo-wordpress\/ -->\n<title>Kit W-S Terrace Plus - Estil Guru<\/title>\n<meta name=\"robots\" content=\"index, follow, max-snippet:-1, max-image-preview:large, max-video-preview:-1\" \/>\n<link rel=\"canonical\" href=\"https:\/\/www.estilguru.com\/pt-pt\/producto\/w-s-kit-terraza-plus\/\" \/>\n<meta property=\"og:locale\" content=\"pt_PT\" \/>\n<meta property=\"og:type\" content=\"article\" \/>\n<meta property=\"og:title\" content=\"Kit W-S Terrace Plus - Estil Guru\" \/>\n<meta property=\"og:description\" content=\"O W-S Kit Terrace Plus \u00e9 fabricado com materiais resistentes \u00e0 corros\u00e3o, \u00e0s intemp\u00e9ries e \u00e0s mudan\u00e7as de temperatura. Al\u00e9m disso, cada uma das suas pe\u00e7as cumpre os mais elevados requisitos de qualidade e \u00e9 garantida pelas normas europeias.\" \/>\n<meta property=\"og:url\" content=\"https:\/\/www.estilguru.com\/pt-pt\/producto\/w-s-kit-terraza-plus\/\" \/>\n<meta property=\"og:site_name\" content=\"Estil Guru\" \/>\n<meta property=\"og:image\" content=\"https:\/\/www.estilguru.com\/wp-content\/uploads\/2021\/11\/terraza-plus-horizontal-scaled.jpg\" \/>\n\t<meta property=\"og:image:width\" content=\"2000\" \/>\n\t<meta property=\"og:image:height\" content=\"1464\" \/>\n\t<meta property=\"og:image:type\" content=\"image\/jpeg\" \/>\n<meta name=\"twitter:card\" content=\"summary_large_image\" \/>\n<meta name=\"twitter:label1\" content=\"Tempo estimado de leitura\" \/>\n\t<meta name=\"twitter:data1\" content=\"1 minuto\" \/>\n<script type=\"application\/ld+json\" class=\"yoast-schema-graph\">{\"@context\":\"https:\/\/schema.org\",\"@graph\":[{\"@type\":\"WebPage\",\"@id\":\"https:\/\/www.estilguru.com\/pt-pt\/producto\/w-s-kit-terraza-plus\/\",\"url\":\"https:\/\/www.estilguru.com\/pt-pt\/producto\/w-s-kit-terraza-plus\/\",\"name\":\"Kit W-S Terrace Plus - Estil Guru\",\"isPartOf\":{\"@id\":\"https:\/\/www.estilguru.com\/pt-pt\/#website\"},\"primaryImageOfPage\":{\"@id\":\"https:\/\/www.estilguru.com\/pt-pt\/producto\/w-s-kit-terraza-plus\/#primaryimage\"},\"image\":{\"@id\":\"https:\/\/www.estilguru.com\/pt-pt\/producto\/w-s-kit-terraza-plus\/#primaryimage\"},\"thumbnailUrl\":\"https:\/\/www.estilguru.com\/wp-content\/uploads\/2023\/01\/terraza-plus-horizontal-1.jpg\",\"datePublished\":\"2025-03-05T11:17:06+00:00\",\"breadcrumb\":{\"@id\":\"https:\/\/www.estilguru.com\/pt-pt\/producto\/w-s-kit-terraza-plus\/#breadcrumb\"},\"inLanguage\":\"pt-PT\",\"potentialAction\":[{\"@type\":\"ReadAction\",\"target\":[\"https:\/\/www.estilguru.com\/pt-pt\/producto\/w-s-kit-terraza-plus\/\"]}]},{\"@type\":\"ImageObject\",\"inLanguage\":\"pt-PT\",\"@id\":\"https:\/\/www.estilguru.com\/pt-pt\/producto\/w-s-kit-terraza-plus\/#primaryimage\",\"url\":\"https:\/\/www.estilguru.com\/wp-content\/uploads\/2023\/01\/terraza-plus-horizontal-1.jpg\",\"contentUrl\":\"https:\/\/www.estilguru.com\/wp-content\/uploads\/2023\/01\/terraza-plus-horizontal-1.jpg\",\"width\":1512,\"height\":1107,\"caption\":\"desag\u00fce para terraza\"},{\"@type\":\"BreadcrumbList\",\"@id\":\"https:\/\/www.estilguru.com\/pt-pt\/producto\/w-s-kit-terraza-plus\/#breadcrumb\",\"itemListElement\":[{\"@type\":\"ListItem\",\"position\":1,\"name\":\"Home\",\"item\":\"https:\/\/www.estilguru.com\/pt-pt\/\"},{\"@type\":\"ListItem\",\"position\":2,\"name\":\"Produtos\",\"item\":\"https:\/\/www.estilguru.com\/pt-pt\/shop\/\"},{\"@type\":\"ListItem\",\"position\":3,\"name\":\"Kit W-S Terrace Plus\"}]},{\"@type\":\"WebSite\",\"@id\":\"https:\/\/www.estilguru.com\/pt-pt\/#website\",\"url\":\"https:\/\/www.estilguru.com\/pt-pt\/\",\"name\":\"Estil Guru\",\"description\":\"Sistemas de ducha e impermeabilizaci\u00f3n\",\"publisher\":{\"@id\":\"https:\/\/www.estilguru.com\/pt-pt\/#organization\"},\"potentialAction\":[{\"@type\":\"SearchAction\",\"target\":{\"@type\":\"EntryPoint\",\"urlTemplate\":\"https:\/\/www.estilguru.com\/pt-pt\/?s={search_term_string}\"},\"query-input\":{\"@type\":\"PropertyValueSpecification\",\"valueRequired\":true,\"valueName\":\"search_term_string\"}}],\"inLanguage\":\"pt-PT\"},{\"@type\":\"Organization\",\"@id\":\"https:\/\/www.estilguru.com\/pt-pt\/#organization\",\"name\":\"Estil Guru\",\"url\":\"https:\/\/www.estilguru.com\/pt-pt\/\",\"logo\":{\"@type\":\"ImageObject\",\"inLanguage\":\"pt-PT\",\"@id\":\"https:\/\/www.estilguru.com\/pt-pt\/#\/schema\/logo\/image\/\",\"url\":\"https:\/\/www.estilguru.com\/wp-content\/uploads\/2022\/09\/LOGO-GURU-horizontal-centrado-01.png\",\"contentUrl\":\"https:\/\/www.estilguru.com\/wp-content\/uploads\/2022\/09\/LOGO-GURU-horizontal-centrado-01.png\",\"width\":2000,\"height\":663,\"caption\":\"Estil Guru\"},\"image\":{\"@id\":\"https:\/\/www.estilguru.com\/pt-pt\/#\/schema\/logo\/image\/\"}}]}<\/script>\n<!-- \/ Yoast SEO plugin. -->","yoast_head_json":{"title":"Kit W-S Terrace Plus - Estil Guru","robots":{"index":"index","follow":"follow","max-snippet":"max-snippet:-1","max-image-preview":"max-image-preview:large","max-video-preview":"max-video-preview:-1"},"canonical":"https:\/\/www.estilguru.com\/pt-pt\/producto\/w-s-kit-terraza-plus\/","og_locale":"pt_PT","og_type":"article","og_title":"Kit W-S Terrace Plus - Estil Guru","og_description":"O W-S Kit Terrace Plus \u00e9 fabricado com materiais resistentes \u00e0 corros\u00e3o, \u00e0s intemp\u00e9ries e \u00e0s mudan\u00e7as de temperatura. Al\u00e9m disso, cada uma das suas pe\u00e7as cumpre os mais elevados requisitos de qualidade e \u00e9 garantida pelas normas europeias.","og_url":"https:\/\/www.estilguru.com\/pt-pt\/producto\/w-s-kit-terraza-plus\/","og_site_name":"Estil Guru","og_image":[{"width":2000,"height":1464,"url":"https:\/\/www.estilguru.com\/wp-content\/uploads\/2021\/11\/terraza-plus-horizontal-scaled.jpg","type":"image\/jpeg"}],"twitter_card":"summary_large_image","twitter_misc":{"Tempo estimado de leitura":"1 minuto"},"schema":{"@context":"https:\/\/schema.org","@graph":[{"@type":"WebPage","@id":"https:\/\/www.estilguru.com\/pt-pt\/producto\/w-s-kit-terraza-plus\/","url":"https:\/\/www.estilguru.com\/pt-pt\/producto\/w-s-kit-terraza-plus\/","name":"Kit W-S Terrace Plus - Estil Guru","isPartOf":{"@id":"https:\/\/www.estilguru.com\/pt-pt\/#website"},"primaryImageOfPage":{"@id":"https:\/\/www.estilguru.com\/pt-pt\/producto\/w-s-kit-terraza-plus\/#primaryimage"},"image":{"@id":"https:\/\/www.estilguru.com\/pt-pt\/producto\/w-s-kit-terraza-plus\/#primaryimage"},"thumbnailUrl":"https:\/\/www.estilguru.com\/wp-content\/uploads\/2023\/01\/terraza-plus-horizontal-1.jpg","datePublished":"2025-03-05T11:17:06+00:00","breadcrumb":{"@id":"https:\/\/www.estilguru.com\/pt-pt\/producto\/w-s-kit-terraza-plus\/#breadcrumb"},"inLanguage":"pt-PT","potentialAction":[{"@type":"ReadAction","target":["https:\/\/www.estilguru.com\/pt-pt\/producto\/w-s-kit-terraza-plus\/"]}]},{"@type":"ImageObject","inLanguage":"pt-PT","@id":"https:\/\/www.estilguru.com\/pt-pt\/producto\/w-s-kit-terraza-plus\/#primaryimage","url":"https:\/\/www.estilguru.com\/wp-content\/uploads\/2023\/01\/terraza-plus-horizontal-1.jpg","contentUrl":"https:\/\/www.estilguru.com\/wp-content\/uploads\/2023\/01\/terraza-plus-horizontal-1.jpg","width":1512,"height":1107,"caption":"desag\u00fce para terraza"},{"@type":"BreadcrumbList","@id":"https:\/\/www.estilguru.com\/pt-pt\/producto\/w-s-kit-terraza-plus\/#breadcrumb","itemListElement":[{"@type":"ListItem","position":1,"name":"Home","item":"https:\/\/www.estilguru.com\/pt-pt\/"},{"@type":"ListItem","position":2,"name":"Produtos","item":"https:\/\/www.estilguru.com\/pt-pt\/shop\/"},{"@type":"ListItem","position":3,"name":"Kit W-S Terrace Plus"}]},{"@type":"WebSite","@id":"https:\/\/www.estilguru.com\/pt-pt\/#website","url":"https:\/\/www.estilguru.com\/pt-pt\/","name":"Estil Guru","description":"Sistemas de ducha e impermeabilizaci\u00f3n","publisher":{"@id":"https:\/\/www.estilguru.com\/pt-pt\/#organization"},"potentialAction":[{"@type":"SearchAction","target":{"@type":"EntryPoint","urlTemplate":"https:\/\/www.estilguru.com\/pt-pt\/?s={search_term_string}"},"query-input":{"@type":"PropertyValueSpecification","valueRequired":true,"valueName":"search_term_string"}}],"inLanguage":"pt-PT"},{"@type":"Organization","@id":"https:\/\/www.estilguru.com\/pt-pt\/#organization","name":"Estil Guru","url":"https:\/\/www.estilguru.com\/pt-pt\/","logo":{"@type":"ImageObject","inLanguage":"pt-PT","@id":"https:\/\/www.estilguru.com\/pt-pt\/#\/schema\/logo\/image\/","url":"https:\/\/www.estilguru.com\/wp-content\/uploads\/2022\/09\/LOGO-GURU-horizontal-centrado-01.png","contentUrl":"https:\/\/www.estilguru.com\/wp-content\/uploads\/2022\/09\/LOGO-GURU-horizontal-centrado-01.png","width":2000,"height":663,"caption":"Estil Guru"},"image":{"@id":"https:\/\/www.estilguru.com\/pt-pt\/#\/schema\/logo\/image\/"}}]}},"_links":{"self":[{"href":"https:\/\/www.estilguru.com\/pt-pt\/wp-json\/wp\/v2\/product\/23699","targetHints":{"allow":["GET"]}}],"collection":[{"href":"https:\/\/www.estilguru.com\/pt-pt\/wp-json\/wp\/v2\/product"}],"about":[{"href":"https:\/\/www.estilguru.com\/pt-pt\/wp-json\/wp\/v2\/types\/product"}],"version-history":[{"count":0,"href":"https:\/\/www.estilguru.com\/pt-pt\/wp-json\/wp\/v2\/product\/23699\/revisions"}],"wp:featuredmedia":[{"embeddable":true,"href":"https:\/\/www.estilguru.com\/pt-pt\/wp-json\/wp\/v2\/media\/31719"}],"wp:attachment":[{"href":"https:\/\/www.estilguru.com\/pt-pt\/wp-json\/wp\/v2\/media?parent=23699"}],"wp:term":[{"taxonomy":"product_brand","embeddable":true,"href":"https:\/\/www.estilguru.com\/pt-pt\/wp-json\/wp\/v2\/product_brand?post=23699"},{"taxonomy":"product_cat","embeddable":true,"href":"https:\/\/www.estilguru.com\/pt-pt\/wp-json\/wp\/v2\/product_cat?post=23699"},{"taxonomy":"product_tag","embeddable":true,"href":"https:\/\/www.estilguru.com\/pt-pt\/wp-json\/wp\/v2\/product_tag?post=23699"}],"curies":[{"name":"wp","href":"https:\/\/api.w.org\/{rel}","templated":true}]}}

<p>O W-S Kit Terraza Plus é fabricado com materiais que excedem todos os padrões de qualidade europeus, tornando-o resistente à corrosão, às intempéries e às mudanças de temperatura. Um exemplo claro disso é a sua grelha, fabricada em aço AISI 304. </p>
<p>Além disso, cada uma das suas peças cumpre os mais elevados requisitos de qualidade e é garantida pelas normas europeias. A eficácia em termos de drenagem e a facilidade de instalação em terraços e varandas são alguns dos seus melhores argumentos. Outro dos seus pontos fortes é a sua versatilidade, uma vez que pode ser escolhida com uma saída vertical ou horizontal, dependendo do local onde a saída encontra o solo.  </p>
<p>Este ralo de terraço é perfeitamente compatível com a película Water-Stop, garantindo a impermeabilização de qualquer terraço, varanda ou telhado.</p>
<p><strong>Conteúdo do Kit</strong></p>
<ul class="font_8">
<li>
<p class="font_8">Grelha AISI 304</p>
</li>
<li>
<p class="font_8">Filtro de depilação</p>
</li>
<li>
<p class="font_8">Colarinho / Copo</p>
</li>
<li>
<p class="font_8">Anéis de vedação</p>
</li>
<li>
<p class="font_8">Sifão hidráulico e sifão mecânico</p>
</li>
<li>
<p class="font_8">Calcador</p>
</li>
<li>
<p class="font_8">Tampa de instalação</p>
</li>
<li>
<p class="font_8">Corpo do reservatório (opção de saída vertical ou horizontal)</p>
</li>
<li>
<p class="font_8">Casquilho de ligação 50 (apenas para saída horizontal)</p>
</li>
</ul>

<p>O W-S Kit Terrace Plus é fabricado com materiais resistentes à corrosão, às intempéries e às mudanças de temperatura. Além disso, cada uma das suas peças cumpre os mais elevados requisitos de qualidade e é garantida pelas normas europeias. </p>

<!-- This site is optimized with the Yoast SEO plugin v27.1.1 - https://yoast.com/product/yoast-seo-wordpress/ -->
<title>Kit W-S Terrace Plus - Estil Guru</title>
<meta name="robots" content="index, follow, max-snippet:-1, max-image-preview:large, max-video-preview:-1" />
<link rel="canonical" href="https://www.estilguru.com/pt-pt/producto/w-s-kit-terraza-plus/" />
<meta property="og:locale" content="pt_PT" />
<meta property="og:type" content="article" />
<meta property="og:title" content="Kit W-S Terrace Plus - Estil Guru" />
<meta property="og:description" content="O W-S Kit Terrace Plus é fabricado com materiais resistentes à corrosão, às intempéries e às mudanças de temperatura. Além disso, cada uma das suas peças cumpre os mais elevados requisitos de qualidade e é garantida pelas normas europeias." />
<meta property="og:url" content="https://www.estilguru.com/pt-pt/producto/w-s-kit-terraza-plus/" />
<meta property="og:site_name" content="Estil Guru" />
<meta property="og:image" content="https://www.estilguru.com/wp-content/uploads/2021/11/terraza-plus-horizontal-scaled.jpg" />
	<meta property="og:image:width" content="2000" />
	<meta property="og:image:height" content="1464" />
	<meta property="og:image:type" content="image/jpeg" />
<meta name="twitter:card" content="summary_large_image" />
<meta name="twitter:label1" content="Tempo estimado de leitura" />
	<meta name="twitter:data1" content="1 minuto" />
<script type="application/ld+json" class="yoast-schema-graph">{"@context":"https://schema.org","@graph":[{"@type":"WebPage","@id":"https://www.estilguru.com/pt-pt/producto/w-s-kit-terraza-plus/","url":"https://www.estilguru.com/pt-pt/producto/w-s-kit-terraza-plus/","name":"Kit W-S Terrace Plus - Estil Guru","isPartOf":{"@id":"https://www.estilguru.com/pt-pt/#website"},"primaryImageOfPage":{"@id":"https://www.estilguru.com/pt-pt/producto/w-s-kit-terraza-plus/#primaryimage"},"image":{"@id":"https://www.estilguru.com/pt-pt/producto/w-s-kit-terraza-plus/#primaryimage"},"thumbnailUrl":"https://www.estilguru.com/wp-content/uploads/2023/01/terraza-plus-horizontal-1.jpg","datePublished":"2025-03-05T11:17:06+00:00","breadcrumb":{"@id":"https://www.estilguru.com/pt-pt/producto/w-s-kit-terraza-plus/#breadcrumb"},"inLanguage":"pt-PT","potentialAction":[{"@type":"ReadAction","target":["https://www.estilguru.com/pt-pt/producto/w-s-kit-terraza-plus/"]}]},{"@type":"ImageObject","inLanguage":"pt-PT","@id":"https://www.estilguru.com/pt-pt/producto/w-s-kit-terraza-plus/#primaryimage","url":"https://www.estilguru.com/wp-content/uploads/2023/01/terraza-plus-horizontal-1.jpg","contentUrl":"https://www.estilguru.com/wp-content/uploads/2023/01/terraza-plus-horizontal-1.jpg","width":1512,"height":1107,"caption":"desagüe para terraza"},{"@type":"BreadcrumbList","@id":"https://www.estilguru.com/pt-pt/producto/w-s-kit-terraza-plus/#breadcrumb","itemListElement":[{"@type":"ListItem","position":1,"name":"Home","item":"https://www.estilguru.com/pt-pt/"},{"@type":"ListItem","position":2,"name":"Produtos","item":"https://www.estilguru.com/pt-pt/shop/"},{"@type":"ListItem","position":3,"name":"Kit W-S Terrace Plus"}]},{"@type":"WebSite","@id":"https://www.estilguru.com/pt-pt/#website","url":"https://www.estilguru.com/pt-pt/","name":"Estil Guru","description":"Sistemas de ducha e impermeabilización","publisher":{"@id":"https://www.estilguru.com/pt-pt/#organization"},"potentialAction":[{"@type":"SearchAction","target":{"@type":"EntryPoint","urlTemplate":"https://www.estilguru.com/pt-pt/?s={search_term_string}"},"query-input":{"@type":"PropertyValueSpecification","valueRequired":true,"valueName":"search_term_string"}}],"inLanguage":"pt-PT"},{"@type":"Organization","@id":"https://www.estilguru.com/pt-pt/#organization","name":"Estil Guru","url":"https://www.estilguru.com/pt-pt/","logo":{"@type":"ImageObject","inLanguage":"pt-PT","@id":"https://www.estilguru.com/pt-pt/#/schema/logo/image/","url":"https://www.estilguru.com/wp-content/uploads/2022/09/LOGO-GURU-horizontal-centrado-01.png","contentUrl":"https://www.estilguru.com/wp-content/uploads/2022/09/LOGO-GURU-horizontal-centrado-01.png","width":2000,"height":663,"caption":"Estil Guru"},"image":{"@id":"https://www.estilguru.com/pt-pt/#/schema/logo/image/"}}]}</script>
<!-- / Yoast SEO plugin. -->

O W-S Kit Terrace Plus é fabricado com materiais resistentes à corrosão, às intempéries e às mudanças de temperatura. Além disso, cada uma das suas peças cumpre os mais elevados requisitos de qualidade e é garantida pelas normas europeias.

desagüe para terraza

Sistemas de ducha e impermeabilización
